{"id":66,"date":"2021-11-16T09:22:42","date_gmt":"2021-11-16T09:22:42","guid":{"rendered":"https:\/\/2021.svr-schach.de\/?page_id=66"},"modified":"2024-10-14T13:28:52","modified_gmt":"2024-10-14T13:28:52","slug":"praesidium","status":"publish","type":"page","link":"https:\/\/svr-schach.de\/?page_id=66","title":{"rendered":"Pr\u00e4sidium"},"content":{"rendered":"\n<div class=\"wp-block-group\"><div class=\"wp-block-group__inner-container is-layout-constrained wp-block-group-is-layout-constrained\">\n<h3 class=\"wp-block-heading\">Pr\u00e4sident:<\/h3>\n\n\n\n<p>Ralf Chadt-Rausch,&nbsp;Oberdorfstra\u00dfe 28,&nbsp;44309 Dortmund,&nbsp;Tel.: +49 170 5211286,&nbsp;E-Mail:&nbsp;<a href=\"mailto:r-chadt@t-online.de\">r-chadt@t-online.de<\/a><\/p>\n\n\n\n<h3 class=\"wp-block-heading\">Vizepr\u00e4sident, Schriftf\u00fchrer:<\/h3>\n\n\n\n<p>Frank Neumann, Kanonenstr. 8, 45731 Waltrop, Tel.: 02309 77108, E-Mail:&nbsp;<a href=\"mailto:frank.neumann@schach-nrw.de\">frank.neumann@schach-nrw.de<\/a><\/p>\n\n\n\n<h3 class=\"wp-block-heading\">Schatzmeister:<\/h3>\n\n\n\n<p>Klaus-Dieter Kapica,&nbsp;Am Vogelpoth 10,&nbsp;46236 Bottrop,&nbsp;Tel.: 02041 689288,&nbsp;E-Mail:&nbsp;<a href=\"mailto:kdkapica-stones@gelsennet.de\">kdkapica-stones@gelsennet.de<\/a><\/p>\n\n\n\n<h3 class=\"wp-block-heading\">1. Spielleiter, Frauen-Referent:<\/h3>\n\n\n\n<p>Frank Strozewski,&nbsp;Eichendorffstr. 9,&nbsp;45739 Oer-Erkenschwick,&nbsp;Tel.: 02368 98026,&nbsp;E-Mail:&nbsp;<a href=\"mailto:strozewski@t-online.de\">strozewski@t-online.de<\/a><\/p>\n\n\n\n<h3 class=\"wp-block-heading\">2. Spielleiter:<\/h3>\n\n\n\n<p>Sebastian Zimmer, Propst-K\u00f6ster-Str. 9, 59457 Werl, Tel.: 02922 8032927, E-Mail:&nbsp;<a href=\"mailto:sebastian.zimmer.83@web.de\">sebastian.zimmer.83@web.de<\/a><\/p>\n\n\n\n<h3 class=\"wp-block-heading\">Jugendwart:<\/h3>\n\n\n\n<p>Dirk Broksch, Postfach 12 13, 45733 Oer-Erkenschwick, E-Mail: dirk_broksch@web.de<\/p>\n<\/div><\/div>\n","protected":false},"excerpt":{"rendered":"<p>Pr\u00e4sident: Ralf Chadt-Rausch,&nbsp;Oberdorfstra\u00dfe 28,&nbsp;44309 Dortmund,&nbsp;Tel.: +49 170 5211286,&nbsp;E-Mail:&nbsp;r-chadt@t-online.de Vizepr\u00e4sident, Schriftf\u00fchrer: Frank Neumann, Kanonenstr. 8, 45731 Waltrop, Tel.: 02309 77108, E-Mail:&nbsp;frank.neumann@schach-nrw.de Schatzmeister: Klaus-Dieter Kapica,&nbsp;Am Vogelpoth 10,&nbsp;46236 Bottrop,&nbsp;Tel.: 02041 689288,&nbsp;E-Mail:&nbsp;kdkapica-stones@gelsennet.de 1. Spielleiter, Frauen-Referent: Frank Strozewski,&nbsp;Eichendorffstr. 9,&nbsp;45739 Oer-Erkenschwick,&nbsp;Tel.: 02368 98026,&nbsp;E-Mail:&nbsp;strozewski@t-online.de 2. Spielleiter: Sebastian Zimmer, Propst-K\u00f6ster-Str. 9, 59457 Werl, Tel.: 02922 8032927, E-Mail:&nbsp;sebastian.zimmer.83@web.de Jugendwart: Dirk Broksch, Postfach 12 13, [&hellip;]<\/p>\n","protected":false},"author":1,"featured_media":0,"parent":0,"menu_order":0,"comment_status":"closed","ping_status":"closed","template":"","meta":{"footnotes":""},"class_list":["post-66","page","type-page","status-publish","hentry"],"_links":{"self":[{"href":"https:\/\/svr-schach.de\/index.php?rest_route=\/wp\/v2\/pages\/66","targetHints":{"allow":["GET"]}}],"collection":[{"href":"https:\/\/svr-schach.de\/index.php?rest_route=\/wp\/v2\/pages"}],"about":[{"href":"https:\/\/svr-schach.de\/index.php?rest_route=\/wp\/v2\/types\/page"}],"author":[{"embeddable":true,"href":"https:\/\/svr-schach.de\/index.php?rest_route=\/wp\/v2\/users\/1"}],"replies":[{"embeddable":true,"href":"https:\/\/svr-schach.de\/index.php?rest_route=%2Fwp%2Fv2%2Fcomments&post=66"}],"version-history":[{"count":17,"href":"https:\/\/svr-schach.de\/index.php?rest_route=\/wp\/v2\/pages\/66\/revisions"}],"predecessor-version":[{"id":826,"href":"https:\/\/svr-schach.de\/index.php?rest_route=\/wp\/v2\/pages\/66\/revisions\/826"}],"wp:attachment":[{"href":"https:\/\/svr-schach.de\/index.php?rest_route=%2Fwp%2Fv2%2Fmedia&parent=66"}],"curies":[{"name":"wp","href":"https:\/\/api.w.org\/{rel}","templated":true}]}}